378 is divided by 287020.
3358
Calculate the remainder when 49923 is divided by 47629.
2294
What is the remainder when 544542 is divided by 181509?
15
Calculate the remainder when 4160840 is divided by 3169.
3112
Calculate the remainder when 861729 is divided by 4146.
3507
Calculate the remainder when 249521044 is divided by 156.
136
What is the remainder when 13101461 is divided by 802?
791
Calculate the remainder when 269587917 is divided by 168.
165
Calculate the remainder when 114516 is divided by 548.
532
What is the remainder when 3429106 is divided by 54?
52
What is the remainder when 675165 is divided by 225022?
99
What is the remainder when 595964 is divided by 413?
5
Calculate the remainder when 20231738 is divided by 666.
656
What is the remainder when 494474 is divided by 775?
24
What is the remainder when 7172621 is divided by 72?
53
Calculate the remainder when 87511 is divided by 42.
25
What is the remainder when 237522 is divided by 983?
619
What is the remainder when 119434 is divided by 23585?
1509
Calculate the remainder when 36515 is divided by 107.
28
What is the remainder when 18745801 is divided by 5282?
5265
What is the remainder when 1465006 is divided by 18543?
109
Calculate the remainder when 12824643 is divided by 854976.
3
Calculate the remainder when 6500225 is divided by 8621.
8612
What is the remainder when 22925447 is divided by 104?
103
Calculate the remainder when 1825614 is divided by 58890.
24
What is the remainder when 5983038 is divided by 187?
160
What is the remainder when 92525383 is divided by 1346?
1343
Calculate the remainder when 196143006 is divided by 16.
14
What is the remainder when 309683517 is divided by 1964?
1961
Calculate the remainder when 925771 is divided by 9158.
813
What is the remainder when 103114 is divided by 1216?
970
What is the remainder when 10720 is divided by 317?
259
What is the remainder when 1180221 is divided by 854?
847
What is the remainder when 28344333 is divided by 11?
6
What is the remainder when 59509961 is divided by 59509953?
8
What is the remainder when 4015575 is divided by 1338508?
51
Calculate the remainder when 51493 is divided by 7335.
148
Calculate the remainder when 448735 is divided by 7640.
5615
Calculate the remainder when 172366874 is divided by 1125.
1124
What is the remainder when 695645 is divided by 80?
45
What is the remainder when 12048 is divided by 59?
12
What is the remainder when 1435508 is divided by 2389?
2108
What is the remainder when 12549479 is divided by 1099?
1097
What is the remainder when 127561 is divided by 42492?
85
Calculate the remainder when 19264928 is divided by 24667.
1
What is the remainder when 6008239 is divided by 3602?
103
Calculate the remainder when 1235134 is divided by 336.
334
What is the remainder when 639888 is divided by 354?
210
What is the remainder when 142046 is divided by 141892?
154
Calculate the remainder when 2981376 is divided by 1881.
1872
Calculate the remainder when 576079 is divided by 754.
23
What is the remainder when 284421488 is divided by 71105370?
8
What is the remainder when 316239 is divided by 3633?
168
Calculate the remainder when 1220221 is divided by 76251.
205
Calculate the remainder when 770746 is divided by 563.
562
Calculate the remainder when 26322 is divided by 3172.
946
Calculate the remainder when 1076152 is divided by 538073.
6
Calculate the remainder when 1360715 is divided by 21947.
1
Calculate the remainder when 941622 is divided by 1734.
60
Calculate the remainder when 1408700 is divided by 3957.
8
Calculate the remainder when 29838669 is divided by 204.
201
Calculate the remainder when 49773709 is divided by 8.
5
Calculate the remainder when 137929 is divided by 1437.
1414
Calculate the remainder when 1701285 is divided by 130853.
196
What is the remainder when 167754 is divided by 339?
288
Calculate the remainder when 146675 is divided by 1106.
683
What is the remainder when 34379291 is divided by 108452?
7
Calculate the remainder when 1983173 is divided by 1726.
1725
Calculate the remainder when 15041325 is divided by 24.
21
What is the remainder when 29177 is divided by 177?
149
Calculate the remainder when 40731305 is divided by 27484.
17
What is the remainder when 298640 is divided by 37319?
88
Calculate the remainder when 362936 is divided by 72582.
26
Calculate the remainder when 39314269 is divided by 34884.
1
What is the remainder when 5833540 is divided by 1128?
652
Calculate the remainder when 171543374 is divided by 1894.
6
What is the remainder when 1645146 is divided by 10597?
2611
What is the remainder when 1572456 is divided by 3360?
3336
What is the remainder when 7012 is divided by 278?
62
Calculate the remainder when 140966098 is divided by 396.
394
Calculate the remainder when 147137 is divided by 595.
172
Calculate the remainder when 2308608 is divided by 769526.
30
What is the remainder when 98555 is divided by 14078?
9
What is the remainder when 3136304 is divided by 19?
12
Calculate the remainder when 12229517 is divided by 9768.
9749
What is the remainder when 396622 is divided by 66103?
4
What is the remainder when 7778 is divided by 1282?
86
Calculate the remainder when 50097369 is divided by 201.
129
What is the remainder when 144243298 is divided by 255?
253
Calculate the remainder when 212052 is divided by 42104.
1532
What is the remainder when 279229 is divided by 1792?
1469
Calculate the remainder when 1017165 is divided by 979.
963
What is the remainder when 3738517 is divided by 9537?
13
What is the remainder when 3467070 is divided by 10937?
41
What is the remainder when 394515 is divided by 4644?
4419
What is the remainder when 455403 is divided by 455079?
324
What is the remainder when 362240 is divided by 498?
194
What is the remainder when 7987908 is divided by 252?
12
Calculate the remainder when 26205914 is divided by 1628.
1626
What is the remainder when 7384636 is divided by 142012?
12
Calculate the remainder when 140212 is divided by 178.
126
Calculate the remainder when 31377 is divided by 9618.
2523
Calculate the remainder when 235872 is divided by 425.
422
What is the remainder when 97140 is divided by 6951?
6777
What is the remainder when 371211 is divided by 183?
87
What is the remainder when 339897 is divided by 17?
16
Calculate the remainder when 19417030 is divided by 92.
62
Calculate the remainder when 105912 is divided by 3485.
1362
What is the remainder when 9731619 is divided by 463410?
9
What is the remainder when 57548 is divided by 28012?
1524
Calculate the remainder when 4168206 is divided by 154378.
0
What is the remainder when 32202054 is divided by 23?
7
What is the remainder when 75213 is divided by 2535?
1698
What is the remainder when 67502135 is divided by 3620?
3615
Calculate the remainder when 965227 is divided by 321533.
628
What is the remainder when 76944 is divided by 500?
444
Calculate the remainder when 671426 is divided by 8519.
6944
What is the remainder when 1160905 is divided by 291?
106
What is the remainder when 3672107 is divided by 29?
11
Calculate the remainder when 18293 is divided by 347.
249
Calculate the remainder when 80530 is divided by 678.
526
What is the remainder when 45246 is divided by 1258?
1216
What is the remainder when 4389072 is divided by 2696?
2680
Calculate the remainder when 207928 is divided by 99979.
7970
What is the remainder when 137737 is divided by 45785?
382
Calculate the remainder when 402518909 is divided by 64.
61
Calculate the remainder when 3533 is divided by 1037.
422
Calculate the remainder when 3297938 is divided by 70168.
42
What is the remainder when 1951889 is divided by 47607?
2
What is the remainder when 569758573 is divided by 1655?
1653
Calculate the remainder when 1943686 is divided by 854.
836
Calculate the remainder when 197011 is divided by 408.
355
Calculate the remainder when 320816 is divided by 267.
149
What is the remainder when 373375067 is divided by 124458354?
5
Calculate the remainder when 41543 is divided by 1076.
655
What is the remainder when 12390 is divided by 10603?
1787
Calculate the remainder when 2733580 is divided by 324.
316
What is the remainder when 31053 is divided by 7576?
749
Calculate the remainder when 2100448 